ctor of 2211 and 24589?
67
What is the greatest common factor of 286 and 8096?
22
Calculate the greatest common factor of 55781 and 847.
121
Calculate the highest common divisor of 399 and 122037.
57
What is the greatest common divisor of 350 and 1946?
14
Calculate the greatest common divisor of 694008 and 1904.
952
What is the greatest common divisor of 2025 and 188775?
225
Calculate the greatest common divisor of 592 and 496688.
592
Calculate the greatest common divisor of 576 and 230848.
64
Calculate the greatest common divisor of 52325 and 12719.
161
Calculate the highest common factor of 90 and 1818.
18
What is the highest common divisor of 855 and 144?
9
What is the highest common divisor of 150122 and 14?
14
What is the highest common divisor of 9280 and 406?
58
Calculate the greatest common factor of 180 and 482382.
18
Calculate the greatest common divisor of 488557 and 62733.
1901
What is the greatest common divisor of 25 and 898175?
25
Calculate the highest common factor of 3 and 1919946.
3
What is the greatest common divisor of 2128 and 816620?
532
What is the highest common divisor of 176 and 67664?
16
Calculate the greatest common factor of 476 and 626108.
28
Calculate the highest common divisor of 7774 and 618631.
299
Calculate the highest common factor of 30 and 236655.
15
What is the highest common divisor of 14626 and 1442?
206
Calculate the highest common factor of 160 and 12860.
20
What is the greatest common factor of 39810 and 6?
6
Calculate the highest common divisor of 1550304 and 28.
28
What is the greatest common factor of 99 and 4488?
33
Calculate the greatest common factor of 604 and 58286.
302
Calculate the greatest common factor of 14560 and 3744.
416
Calculate the greatest common divisor of 4627 and 21.
7
Calculate the highest common factor of 1 and 7039.
1
What is the highest common divisor of 3549 and 57252?
39
What is the greatest common factor of 600 and 155208?
24
Calculate the greatest common divisor of 85118 and 365.
73
What is the highest common factor of 11798 and 2822?
34
What is the greatest common factor of 219 and 2608217?
73
What is the highest common divisor of 30033 and 3195?
639
What is the greatest common divisor of 117 and 1461681?
117
What is the greatest common divisor of 186494 and 770?
154
What is the highest common divisor of 3880 and 54805?
485
What is the highest common factor of 27 and 820161?
9
What is the greatest common factor of 43710 and 86480?
470
Calculate the highest common factor of 6132 and 8568.
84
Calculate the greatest common factor of 18758 and 1808.
226
What is the highest common factor of 80 and 6706656?
16
What is the highest common divisor of 5480 and 28?
4
What is the greatest common factor of 2724 and 544?
4
Calculate the greatest common factor of 8180612 and 88.
44
What is the greatest common divisor of 303 and 605091?
303
What is the greatest common factor of 540 and 9810?
90
What is the greatest common divisor of 240684 and 3?
3
Calculate the greatest common divisor of 6105 and 532356.
1221
Calculate the highest common factor of 20713 and 231.
77
What is the greatest common divisor of 9228 and 12?
12
What is the greatest common factor of 2 and 449594?
2
Calculate the highest common factor of 1853631 and 702.
351
Calculate the highest common divisor of 31623 and 5461.
127
What is the highest common divisor of 32929 and 298?
149
Calculate the greatest common divisor of 395 and 124820.
395
Calculate the greatest common factor of 329 and 1151171.
329
What is the greatest common divisor of 32689 and 2?
1
What is the greatest common factor of 132 and 13752?
12
Calculate the highest common factor of 2080 and 467090.
130
Calculate the greatest common factor of 95910 and 10.
10
Calculate the highest common factor of 4497 and 2825615.
1499
What is the greatest common divisor of 10428 and 1608?
12
Calculate the greatest common divisor of 28256 and 208.
16
What is the highest common factor of 39936 and 14768?
208
Calculate the greatest common factor of 40467 and 1968.
123
What is the greatest common divisor of 1827 and 83839?
203
Calculate the highest common factor of 449358 and 26336.
1646
Calculate the highest common divisor of 370 and 801864.
74
What is the greatest common factor of 444 and 246096?
12
Calculate the highest common divisor of 10384 and 55.
11
What is the highest common divisor of 138584 and 136?
136
What is the greatest common factor of 35682 and 1938?
114
What is the highest common divisor of 800 and 38700?
100
What is the highest common divisor of 2000 and 1080?
40
Calculate the greatest common divisor of 8816 and 483968.
304
Calculate the greatest common divisor of 350874 and 11817.
909
Calculate the greatest common divisor of 1556937 and 72.
9
Calculate the highest common factor of 5014 and 6104.
218
Calculate the greatest common divisor of 18 and 21159.
9
What is the greatest common factor of 4147952 and 129?
43
Calculate the highest common factor of 220 and 404360.
220
Calculate the highest common factor of 40400 and 240.
80
What is the greatest common factor of 18788 and 19712?
308
Calculate the greatest common factor of 87800 and 10400.
200
Calculate the greatest common divisor of 832 and 4688.
16
What is the greatest common factor of 144 and 14436?
36
Calculate the highest common factor of 3 and 8919.
3
Calculate the highest common divisor of 990947 and 1278.
71
What is the highest common factor of 166 and 1450591?
83
Calculate the greatest common divisor of 69 and 35489.
23
Calculate the highest common divisor of 3874 and 114283.
1937
What is the highest common factor of 202 and 60701?
101
What is the highest common factor of 172652 and 68?
68
What is the greatest common divisor of 90626 and 2938?
226
Calculate the greatest common divisor of 78 and 140816.
26
Calculate the highest common factor of 129 and 707823.
129
Calculate the highest common factor of 8897 and 17507.
287
Calculate the greatest common factor of 42749 and 4991.
217
Calculate the highest common divisor of 476770 and 1029.
343
Calculate the highest common divisor of 16738 and 32.
2
Calculate the greatest common factor of 100426 and 3576.
298
Calculate the greatest common factor of 134 and 3953.
67
What is the highest common factor of 59378 and 33?
11
What is the highest common factor of 3984 and 496?
16
What is the greatest common factor of 4509 and 44091?
27
Calculate the greatest common divisor of 22601 and 15611.
233
What is the highest common factor of 18238 and 55?
11
Calculate the highest common divisor of 15934 and 93.
31
What is the greatest common divisor of 19912 and 16637?
131
Calculate the greatest common divisor of 559256 and 106.
106
Calculate the greatest common factor of 413 and 19706.
59
What is the highest common divisor of 40995 and 45?
45
Calculate the greatest common factor of 107232 and 408.
24
What is the greatest common divisor of 1832150 and 100?
50
Calculate the highest common factor of 58 and 435899.
29
What is the highest common factor of 190 and 97945?
95
What is the highest common divisor of 1070 and 5050?
10
Calculate the greatest common factor of 135 and 12990.
15
What is the highest common factor of 3130545 and 165?
165
What is the greatest common factor of 958532 and 16?
4
What is the highest common factor of 2637 and 225?
9
What is the greatest common divisor of 148880 and 3440?
80
What is the greatest common factor of 9 and 35892?
9
Calculate the greatest common divisor of 3382 and 1102.
38
Calculate the highest common divisor of 1638 and 39858.
546
What is the greatest common divisor of 10242712 and 1832?
1832
Calculate the greatest common factor of 582258 and 636.
318
What is the greatest common divisor of 19850 and 2779?
397
What is the highest common factor of 68 and 290071?
17
What is the greatest common factor of 30 and 148455?
15
What is the highest common factor of 10787 and 4669?
161
What is the highest common divisor of 24 and 104592?
24
Calculate the greatest common factor of 203630 and 140.
70
Calculate the highest common divisor of 50996 and 532.
76
Calculate the highest common factor of 12062 and 259.
37
Calculate the highest common factor of 164 and 2521828.
164
What is the greatest common factor of 17181 and 5229?
747
What is 